 (base 16) in base 8?
-2524
Convert -1000000010 (base 2) to base 3.
-201001
1463 (base 7) to base 2
1001001000
Convert -737 (base 13) to base 6.
-5405
Convert 1011010100011 (base 2) to base 8.
13243
591d (base 15) to base 13
8800
-12 (base 4) to base 3
-20
106164 (base 8) to base 9
54281
1104 (base 6) to base 9
314
-10010111 (base 2) to base 13
-b8
What is -239 (base 13) in base 3?
-112022
-1000001111111101 (base 2) to base 9
-51313
Convert 5361 (base 12) to base 8.
21671
16055 (base 8) to base 3
100220011
Convert -565 (base 7) to base 15.
-147
Convert -101122032 (base 4) to base 10.
-71310
Convert 200204 (base 6) to base 8.
36414
-b151 (base 15) to base 7
-214054
What is 20223 (base 4) in base 12?
3a3
3d35 (base 14) to base 8
25113
Convert -127 (base 12) to base 7.
-340
Convert 21211220 (base 3) to base 14.
2129
What is 2341 (base 9) in base 7?
5032
Convert -1301 (base 8) to base 14.
-385
344 (base 6) to base 8
210
Convert 23b7 (base 15) to base 10.
7597
What is -2331 (base 5) in base 7?
-665
Convert -4b (base 12) to base 13.
-47
Convert 108 (base 16) to base 12.
1a0
110001011 (base 2) to base 4
12023
Convert -453 (base 15) to base 2.
-1111010010
Convert -299 (base 14) to base 13.
-317
What is -21201003 (base 4) in base 12?
-1a683
What is 15655 (base 9) in base 10?
10742
What is -e2a (base 16) in base 2?
-111000101010
Convert 30032 (base 5) to base 16.
764
Convert -f6 (base 16) to base 13.
-15c
435 (base 8) to base 2
100011101
4a4 (base 11) to base 2
1001010110
-201030 (base 5) to base 15
-1d60
Convert 3698 (base 12) to base 6.
44312
Convert -221231 (base 4) to base 3.
-10122212
Convert 1320233 (base 5) to base 8.
63316
What is 1122 (base 3) in base 8?
54
Convert 9be (base 16) to base 8.
4676
Convert -10101201 (base 3) to base 2.
-100110101100
What is -111220201 (base 3) in base 15?
-3014
What is -4dc (base 15) in base 11?
-917
Convert 31162 (base 7) to base 16.
1dd7
Convert 111110010000000 (base 2) to base 14.
b888
What is 142253 (base 6) in base 14?
4cc1
Convert 16045 (base 7) to base 16.
118c
-3307 (base 16) to base 4
-3030013
1110111111001 (base 2) to base 6
55305
What is -301 (base 4) in base 7?
-100
-1641 (base 10) to base 2
-11001101001
Convert 13113 (base 9) to base 6.
104533
Convert dd63 (base 15) to base 4.
23130231
What is 68 (base 10) in base 4?
1010
Convert -1110001101000 (base 2) to base 9.
-10870
610 (base 15) to base 10
1365
Convert -3b1 (base 13) to base 6.
-3003
Convert -6041 (base 8) to base 2.
-110000100001
3ff (base 16) to base 12
713
-8778 (base 12) to base 5
-434144
Convert 24006 (base 7) to base 11.
4709
-100100011011 (base 2) to base 13
-10a4
What is 112020001 (base 3) in base 14?
3ac9
What is -5b02 (base 14) in base 3?
-210210002
Convert 932 (base 13) to base 3.
2010212
Convert -322210 (base 4) to base 9.
-5124
What is 1010202 (base 3) in base 15?
3a5
-40234 (base 9) to base 15
-7c77
What is -3d1 (base 14) in base 12?
-543
-a29b (base 14) to base 4
-12311001
What is 1053153 (base 6) in base 7?
313002
-32694 (base 11) to base 14
-133ca
-1da (base 15) to base 3
-120221
51e6 (base 15) to base 7
101325
What is 64fa (base 16) in base 8?
62372
What is -37626 (base 10) in base 9?
-56546
Convert -13c7b (base 14) to base 7.
-263114
Convert -43d3 (base 14) to base 13.
-546a
What is 1000121000 (base 3) in base 11?
14127
-5c25 (base 14) to base 15
-4b8a
What is 1002122111 (base 3) in base 9?
32574
What is -11101001110 (base 2) in base 7?
-5311
What is 1db (base 15) in base 7?
1154
1723 (base 16) to base 3
22010101
2234 (base 6) to base 15
251
99c (base 13) to base 2
11001110010
Convert -6277 (base 8) to base 7.
-12341
Convert 23041 (base 5) to base 16.
66e
-161303 (base 7) to base 9
-47438
What is 22222 (base 3) in base 9?
288
1cc5 (base 15) to base 6
44552
What is -2434 (base 5) in base 6?
-1413
Convert 38e (base 15) to base 6.
3425
Convert -23a2 (base 12) to base 10.
-4010
Convert 1201220200 (base 3) to base 14.
c66c
4455 (base 9) to base 2
110011011010
Convert -1103 (base 13) to base 7.
-6623
Convert 1410 (base 6) to base 10.
366
-4410 (base 5) to base 9
-742
-101001000011 (base 2) to base 6
-20055
What is -1240 (base 5) in base 11?
-168
Convert 158 (base 13) to base 16.
f2
Convert -13a5 (base 11) to base 2.
-11100010001
What is 2789 (base 14) in base 16?
1b45
What is -461 (base 9) in base 6?
-1431
What is -13204 (base 5) in base 10?
-1054
51a (base 15) to base 8
2176
Convert c04 (base 14) to base 3.
10020021
Convert -21d (base 14) to base 16.
-1a3
What is 403 (base 12) in base 2?
1001000011
What is 11011000 (base 2) in base 8?
330
Convert -1201 (base 8) to base 5.
-10031
What is -111011 (base 2) in base 15?
-3e
3102 (base 4) to base 13
132
What is -293b (base 13) in base 3?
-22011221
29b4 (base 15) to base 16
22f0
1401113 (base 5) to base 8
67173
1314 (base 8) to base 2
1011001100
What is dab (base 16) in base 4?
312223
112212001 (base 3) to base 15
331d
244032 (base 5) to base 14
353d
-2565 (base 11) to base 12
-1b22
Convert d3 (base 15) to base 9.
240
13332112 (base 4) to base 8
77626
Convert 4202 (base 6) to base 4.
32222
-2104214 (base 5) to base 13
-12b93
Convert -3242444 (base 5) to base 15.
-118d4
-22222120 (base 3) to base 5
-202144
570 (base 8) to base 6
1424
Convert 14422 (base 6) to base 4.
210032
2323013 (base 4) to base 15
3835
What is -59396 (base 10) in base 11?
-40697
-210110102 (base 3) to base 7
-63416
Convert 13210 (base 4) to base 9.
587
Convert 213 (base 12) to base 13.
1a4
Convert 83260 (base 9) to base 10.
54891
Convert -389 (base 11) to base 9.
-561
What is 83483 (base 9) in base 10?
55074
Convert -144 (base 6) to base 3.
-2101
-1165 (base 8) to base 4
-21311
What is -1001010100111110 (base 2) in base 6?
-452514
-112b (base 16) to base 12
-2663
-6261 (base 10) to base 15
-1cc6
Convert 8c79 (base 13) to base 4.
10303320
What is 101010 (base 2) in base 12?
36
Convert 12210210 (base 4) to base 9.
40826
What is 3cc (base 15) in base 2?
1101100011
What is -b44 (base 15) in base 5?
-40124
Convert -27501 (base 9) to base 4.
-10203013
1973 (base 16) to base 7
24665
10121001022 (base 3) to base 15
15e68
2a (base 13) to base 7
51
What is -16185 (base 12) in base 8?
-75165
What is 41331 (base 7) in base 8?
23604
14429 (base 10) to base 3
201210102
What is -41b (base 13) in base 10?
-700
Convert 3623 (base 7) to base 8.
2474
-201202 (base 3) to base 11
-445
-10010 (base 7) to base 10
-2408
What is -100101110101 (base 2) in base 15?
-ab6
13025 (base 7) to base 8
6571
-231 (base 4) to base 14
-33
4783 (base 14) to base 6
133411
Convert -111202212 (base 3) to base 6.
-114252
2347 (base 8) to base 4
103213
Convert 1011010 (base 2) to base 11.
82
Convert -110100110000 (base 2) to base 9.
-4561
1101001011010000 (base 2) to base 14
1594c
Convert -101111010 (base 2) to base 15.
-1a3
830 (base 11) to base 9
1332
Convert -322043 (base 5) to base 2.
-10101010010010
What is -101010010110 (base 2) in base 4?
-222112
What is -48a9 (base 14) in base 8?
-30625
-3650 (base 8) to base 16
-7a8
Convert -c0a (base 16) to base 10.
-3082
-110110011 (base 2) to base 8
-663
Convert 343 (base 15) to base 12.
516
-120 (base 12) to base 4
-2220
-156131 (base 8) to base 12
-28789
What is 1407 (base 9) in base 16?
424
-8413 (base 14) to base 6
-253201
-4224 (base 5) to base 8
-1064
Convert -9d (base 15) to base 16.
-94
-2929 (base 16) to base 8
-24451
-10524 (base 7) to base 13
-129c
1754 (base 10) to base 8
3332
-4013 (base 5) to base 4
-13330
What is -4003 (base 16) in base 10?
-16387
10112 (base 5) to base 13
3b7
4040 (base 8) to base 6
13344
What is 2002 (base 7) in base 3?
221111
Convert -11548 (base 11) to base 12.
-9759
19855 (base 13) to base 3
2112020211
Convert 1110010101 (base 2) to base 12.
645
1225 (base 8) to base 5
10121
Convert -1021200 (base 3) to base 10.
-936
Convert 742a (base 11) to base 4.
2121221
What is -2554 (base 9) in base 13?
-b41
What is -11010001 (base 2) in base 5?
-1314
985a (base 13) to base 4
11023100
Convert -1052 (base 6) to base 15.
-118
What is -45b (base 16) in base 4?
-101123
What is 164171 (base 8) in base 6?
1135305
Convert -100101100 (base 2) to base 14.
-176
Convert 10101100010 (base 2) to base 7.
4006
What is 672 (base 12) in base 5?
12300
24403 (base 5) to base 14
965
What is 746 (base 8) in 